{"id":168,"date":"2017-01-18T07:57:08","date_gmt":"2017-01-18T06:57:08","guid":{"rendered":"http:\/\/aulaszu.sk\/?page_id=168"},"modified":"2017-01-18T10:02:31","modified_gmt":"2017-01-18T09:02:31","slug":"konferencne-miestnosti","status":"publish","type":"page","link":"https:\/\/aulaszu.sk\/?page_id=168","title":{"rendered":"Konferen\u010dn\u00e9 miestnosti"},"content":{"rendered":"<h3 style=\"text-align: left;\"><a href=\"http:\/\/aulaszu.sk\/?page_id=193\"><img loading=\"lazy\" decoding=\"async\" class=\"alignleft wp-image-185 size-thumbnail\" src=\"http:\/\/aulaszu.sk\/wp-content\/uploads\/2017\/01\/IMG_0829-150x150.jpg\" width=\"150\" height=\"150\" \/><\/a><span style=\"font-family: arial,helvetica,sans-serif;\"><a href=\"http:\/\/aulaszu.sk\/?page_id=193\">Konferen\u010dn\u00e1 miestnos\u0165 &#8222;LOND\u00ddN&#8220;.<\/a><\/span><\/h3>\n<h4 style=\"text-align: left;\">Kapacita miestnosti je 50 miest.<\/h4>\n<p>&nbsp;<\/p>\n<p>&nbsp;<\/p>\n<p><img loading=\"lazy\" decoding=\"async\" class=\"alignleft wp-image-200 size-thumbnail\" src=\"http:\/\/aulaszu.sk\/wp-content\/uploads\/2017\/01\/IMG_3245-150x150.jpg\" width=\"150\" height=\"150\" \/><\/p>\n<h3 style=\"text-align: left;\"><span style=\"font-family: arial,helvetica,sans-serif;\"><a href=\"http:\/\/aulaszu.sk\/?page_id=210\">Semin\u00e1rna miestnos\u0165 &#8222;VIEDE\u0147&#8220;.<\/a><br \/>\n<\/span><\/h3>\n<h4 style=\"text-align: left;\">Kapacita miestnosti je 20 miest.<\/h4>\n<p>&nbsp;<\/p>\n<p>&nbsp;<\/p>\n<h3 style=\"text-align: left;\"><span style=\"font-family: arial,helvetica,sans-serif;\"><img loading=\"lazy\" decoding=\"async\" class=\"alignleft wp-image-203 size-thumbnail\" src=\"http:\/\/aulaszu.sk\/wp-content\/uploads\/2017\/01\/IMG_3237-150x150.jpg\" width=\"150\" height=\"150\" \/>Semin\u00e1rna miestnos\u0165 &#8222;PRAHA&#8220;.<br \/>\n<\/span><\/h3>\n<h4 style=\"text-align: left;\">Kapacita miestnosti je 20 miest.<\/h4>\n<p>&nbsp;<\/p>\n<p>&nbsp;<\/p>\n<h3 style=\"text-align: center;\">Klimatiz\u00e1cia a pripojenie do internetu je samozrejmos\u0165ou.<\/h3>\n","protected":false},"excerpt":{"rendered":"<p>Konferen\u010dn\u00e1 miestnos\u0165 &#8222;LOND\u00ddN&#8220;. Kapacita miestnosti je 50 miest. &nbsp; &nbsp; Semin\u00e1rna miestnos\u0165 &#8222;VIEDE\u0147&#8220;. Kapacita miestnosti je 20 miest. &nbsp; &nbsp; Semin\u00e1rna miestnos\u0165 &#8222;PRAHA&#8220;. Kapacita miestnosti je 20 miest. &nbsp; &nbsp; Klimatiz\u00e1cia a pripojenie do internetu je samozrejmos\u0165ou.<\/p>\n","protected":false},"author":1,"featured_media":0,"parent":20,"menu_order":1,"comment_status":"closed","ping_status":"closed","template":"","meta":{"footnotes":""},"_links":{"self":[{"href":"https:\/\/aulaszu.sk\/index.php?rest_route=\/wp\/v2\/pages\/168"}],"collection":[{"href":"https:\/\/aulaszu.sk\/index.php?rest_route=\/wp\/v2\/pages"}],"about":[{"href":"https:\/\/aulaszu.sk\/index.php?rest_route=\/wp\/v2\/types\/page"}],"author":[{"embeddable":true,"href":"https:\/\/aulaszu.sk\/index.php?rest_route=\/wp\/v2\/users\/1"}],"replies":[{"embeddable":true,"href":"https:\/\/aulaszu.sk\/index.php?rest_route=%2Fwp%2Fv2%2Fcomments&post=168"}],"version-history":[{"count":13,"href":"https:\/\/aulaszu.sk\/index.php?rest_route=\/wp\/v2\/pages\/168\/revisions"}],"predecessor-version":[{"id":214,"href":"https:\/\/aulaszu.sk\/index.php?rest_route=\/wp\/v2\/pages\/168\/revisions\/214"}],"up":[{"embeddable":true,"href":"https:\/\/aulaszu.sk\/index.php?rest_route=\/wp\/v2\/pages\/20"}],"wp:attachment":[{"href":"https:\/\/aulaszu.sk\/index.php?rest_route=%2Fwp%2Fv2%2Fmedia&parent=168"}],"curies":[{"name":"wp","href":"https:\/\/api.w.org\/{rel}","templated":true}]}}